797. Calculate the greatest common divisor of h and 1485.
27
Let u(p) = 7*p**2 + 187*p - 1539. Let z be u(9). What is the greatest common divisor of z and 252?
9
Let w(s) = 47*s**2 - 54*s + 11. Let u be w(3). Calculate the greatest common factor of u and 20.
4
Let g = 81 + 134. Let t = -153 + 161. Suppose -g = -t*x + 305. Calculate the highest common divisor of 13 and x.
13
Let q(d) = -13*d - 71. Let l be q(-8). Suppose o = 4*f - 288, 3*o = f - 39 - l. What is the greatest common factor of 24 and f?
24
Suppose -5*c + 350 + 125 = 0. Suppose 366 = 5*z + 226. Let s be (152/z + 0)*7. What is the greatest common factor of c and s?
19
Suppose -48*n + 73108 = -6140. What is the highest common divisor of n and 104?
13
Suppose -4*s + 1430 = 7*s. Let z = s + -106. What is the greatest common factor of z and 108?
12
Let o be 10*3/(-15) + (2*111)/3. Suppose 11*k = 3*k + 1296. Calculate the greatest common factor of o and k.
18
Suppose 0 = -473*b + 483*b - 2720. Let v be (-56)/(7 + -15) + b. Calculate the greatest common factor of 9 and v.
9
Suppose 11*t = 3 + 8. Suppose -4*z + 2 = -2*z - 3*a, 0 = -3*z + a + 3. Calculate the highest common divisor of t and z.
1
Suppose 4*p + 7*y = 4*y + 3703, -5*p + 3*y + 4649 = 0. What is the highest common divisor of p and 192?
32
Let o be (-8)/((-72)/195)*3. Suppose 9*h + o = 155. What is the highest common divisor of 12 and h?
2
Suppose -558*v + 1705 = -338*v - 37235. Let c(y) = 15*y - 1. Let m be c(4). What is the highest common divisor of m and v?
59
Suppose 0 = 3*k - 72 - 27. Suppose 41*d = -41*d + 40*d + 6930. Let h = d - k. Calculate the greatest common divisor of h and 12.
12
Suppose -15 = -9*u + 4*u. Suppose u - 5 = 2*n. Let j = n - -13. Calculate the highest common factor of j and 108.
12
Suppose -10823 - 24647 = -381*j - 3466. Calculate the highest common factor of 3801 and j.
21
Let f(o) = -o**3 + 5*o**2 + 3*o - 31. Let x be f(4). Let t be x/(11/((-770)/21)). Calculate the highest common divisor of t and 25.
5
Suppose -435 = 11*a - 4307. Calculate the highest common divisor of a and 2288.
176
Let k be 20/(35/7 - 7) + 42. Calculate the highest common factor of k and 27040.
32
Let y(o) = 10*o**2 - 1 + o + 4*o - 5*o**2. Let f be y(-5). Let g = 3979 + -3970. What is the greatest common factor of f and g?
9
Suppose 3*p - 130 = w, 0*p + 4*p - 5*w - 155 = 0. Suppose -25*h + 22*h + p = 0. Let q = 49 - 19. What is the greatest common divisor of q and h?
15
Let h be -2 + 9 + -4*(31242/(-24) + 2). What is the highest common divisor of 411 and h?
137
Let v(y) = -3*y + 18 + 3*y**2 - 6 + 34*y + 0*y**2. Let j be v(-10). Let d be 2/(-5) + (-242)/(-5). What is the highest common divisor of j and d?
2
Suppose 5*j - 6 = -11. Let f be (-560)/(-100) + j/(10/(-4)). Suppose -3*z - o = -30, 3*z = 2*o + o + 18. What is the greatest common factor of z and f?
3
Suppose 5*z - 684 = -56*a + 55*a, -z + 124 = -3*a. What is the highest common factor of z and 1666?
34
Let h(b) = -b**2 + 11*b**2 - 5 - 2*b - b**2. Let q be h(-4). Let d be 54/1080*15/6 + 334/16. Calculate the highest common divisor of d and q.
21
Let g = -229 + 445. Suppose 0 = -77*n + 80*n - 18. Let s(c) = -c**3 + 5*c**2 + 10*c + 3. Let q be s(n). What is the greatest common divisor of g and q?
27
Let o(c) = 20*c + 265. Let y be o(29). Calculate the highest common factor of 20 and y.
5
Let r(s) = s**3 - 31*s**2 + 71*s + 72. Let i be r(29). Let t = -341 + i. Calculate the highest common factor of t and 144.
36
Suppose 3*v = -6*z + 123, 17*z - 152 = -4*v + 15*z. Calculate the highest common factor of v and 6179.
37
Let r = -16646 + 16886. Let p be 118/4 - 2/(-4). What is the highest common factor of p and r?
30
Suppose 61*b = 55*b + 2400. Let h = b - 39. Calculate the greatest common factor of 19 and h.
19
Let r(y) = 2*y**2 + 82*y - 804. Let u be r(11). Calculate the greatest common factor of u and 544.
68
Suppose 2804 = 67*o - 613. Let f = 26 + 77. Suppose 2*x + x - f = l, -3*x - 3*l + 99 = 0. Calculate the highest common divisor of o and x.
17
Let h(f) = -6*f**2 - 552*f - 343. Let k be h(-91). What is the greatest common factor of 56028 and k?
203
Let x(a) = -5*a - 30. Let f(l) = 13*l + 60. Let c(h) = 4*f(h) + 9*x(h). Let r be c(12). Calculate the greatest common factor of 126 and r.
18
Suppose -561 = -5*p - 111. Let a(z) = -z**3 + 18*z**2 - 6*z + 114. Let j be a(18). What is the greatest common divisor of j and p?
6
Suppose 14 = 94*a - 95*a. Let k be 9/(252/(-8)) - 32/a. Suppose 1 - 25 = -3*x. Calculate the greatest common divisor of x and k.
2
Let j = -21844 + 23153. What is the greatest common factor of j and 231?
77
Suppose 3*j = 2*j + 32. Suppose 0 = -3*c + 24*c - 21. Let i be (-624)/(-26)*(0 + c). What is the greatest common divisor of i and j?
8
Suppose -3*d = -c - 63, -c + 537 = 16*d + 144. What is the greatest common divisor of d and 466?
2
Let z be 615/(((-50)/(-18))/25). Calculate the highest common divisor of z and 405.
135
Let o be 2*-2*(-34)/8. Suppose 0 = -3*c - 5*g - 9, -5*c - 2*g = 11 + 4. Let f be ((-3)/c - 0)/((-1)/(-17)). What is the greatest common divisor of o and f?
17
Suppose 45*f - 25 - 200 = 0. Let t be 2/(-4)*(-1 + 1). Suppose -24 = -f*k - t*x - x, 2*k + 3*x = 7. Calculate the greatest common divisor of 35 and k.
5
Let f = -917 - -1632. What is the highest common factor of 110 and f?
55
Let s(f) = f**3 - 67*f**2 + 24*f + 2852. Let i be s(66). Calculate the highest common divisor of 6336 and i.
16
Let s(u) = -5*u - 2*u**3 + 1637*u**2 - 15 - 1646*u**2 - 9. Let h be s(-6). What is the greatest common divisor of h and 190?
38
Let w(i) = 2*i**3 + 7*i**2 + 10*i - 4. Let n be w(8). Suppose -2*s = -8*s + n. Suppose -21 - 22 = -a. Calculate the highest common divisor of s and a.
43
Let y = 288 + -306. Let i(s) = s**2 + 16*s + 8. Let x be i(y). What is the highest common factor of x and 88?
44
Let c = -5733 - -18486. Calculate the greatest common factor of c and 234.
117
Suppose 1535 = 12*v - 1225. Suppose 238*d = v*d + 5080. What is the highest common divisor of 5 and d?
5
Let q = 85 - 84. Suppose -7*s + 0 = -28. Let c be ((-3)/q)/(-2*s/336). Calculate the highest common factor of 14 and c.
14
Let v(s) = -17*s + 15. Let y be v(-3). Let h(i) = -i**2 + 4*i + 1. Let n be h(4). Let f be n*-5 - (-24 + 13). Calculate the greatest common divisor of y and f.
6
Let u = 9 - -27. Let r = 2660 + -2336. Calculate the highest common divisor of r and u.
36
Let y be (204/(-17) - -6)/(1/(-1)). What is the highest common factor of y and 78?
6
Let g(r) = r**2 - 62*r - 1738. Let o be g(83). Let c = 0 + 0. Suppose c = -h + 14 - 4. Calculate the highest common divisor of o and h.
5
Suppose -16 = -7*r + 47. Suppose -466 = -r*p - 61. What is the greatest common divisor of p and 135?
45
Let s(o) = o**3 + 47*o**2 + 288*o + 11. Let k be s(-11). Calculate the highest common divisor of 33 and k.
11
Suppose -18*r + 81 = -855. Calculate the highest common factor of 2730 and r.
26
Let r be 32/6*6/4. Let g(h) = 61*h - 2. Let t be g(7). Let s = 481 - t. Calculate the highest common factor of s and r.
8
Let u be 401/13233 - 2472/(-99). Suppose 10 - 35 = -c. Calculate the highest common divisor of u and c.
25
Let c = -3302 - -3319. Suppose 0 = -2*f + 6*f - 1088. Calculate the highest common factor of f and c.
17
Suppose 63*w - 20598 = -7494. What is the greatest common divisor of 1742 and w?
26
Let g be -23945*(-27)/30 + 42/28. What is the highest common divisor of 64 and g?
16
Suppose 2*n + 4*d - 38 = 0, -5 = -4*d + 15. What is the highest common divisor of 156 and n?
3
Suppose 14*q + 14*q = 84. Suppose 0 = q*w - 114 - 21. Calculate the greatest common factor of w and 60.
15
Let r = 1304 + -2344. Let t = 1477 + r. What is the highest common factor of 57 and t?
19
Let r = 668 - 680. Let h be (5/(-2))/(7 - (-90)/r). Calculate the greatest common factor of 11 and h.
1
Let o be -6 - (-324)/45 - 190/(-50). What is the greatest common divisor of 4315 and o?
5
Suppose 186*f - 1790 - 1092 = 2326. What is the greatest common factor of 2653 and f?
7
Let c be ((-18)/(-12))/(12/40). Suppose -b + 4*b + 29 = c*j, 11 = j + 2*b. Let h be (-2)/3 - (j + (-442)/6). What is the highest common divisor of h and 44?
22
Let w be (-358)/(-10) + 2/(-5)*2. Suppose -4*l + 28 = -2*i, 5*l - 2*i - w = 2*i. What is the 